{"id":35,"date":"2016-03-19T20:58:18","date_gmt":"2016-03-19T19:58:18","guid":{"rendered":"http:\/\/parquetnomade.com\/?page_id=35"},"modified":"2017-02-09T13:42:51","modified_gmt":"2017-02-09T12:42:51","slug":"creation-en-cours","status":"publish","type":"page","link":"https:\/\/parquetnomade.com\/index.php\/creation-en-cours\/","title":{"rendered":"Cr\u00e9ation Parquet Nomade"},"content":{"rendered":"<p><img loading=\"lazy\" decoding=\"async\" class=\"alignnone size-full wp-image-115\" src=\"http:\/\/parquetnomade.com\/wp-content\/uploads\/2016\/03\/parquet-nomade-course.jpg\" alt=\"\u00a9 Parquet Nomade\" width=\"1280\" height=\"854\" srcset=\"https:\/\/parquetnomade.com\/wp-content\/uploads\/2016\/03\/parquet-nomade-course.jpg 1280w, https:\/\/parquetnomade.com\/wp-content\/uploads\/2016\/03\/parquet-nomade-course-300x200.jpg 300w, https:\/\/parquetnomade.com\/wp-content\/uploads\/2016\/03\/parquet-nomade-course-768x512.jpg 768w, https:\/\/parquetnomade.com\/wp-content\/uploads\/2016\/03\/parquet-nomade-course-1024x683.jpg 1024w\" sizes=\"auto, (max-width: 1280px) 100vw, 1280px\" \/><\/p>\n<h2>LE PARQUET NOMADE<\/h2>\n<p>Le Parquet Nomade allie performance, installation sc\u00e9nographique (Land Art), danse in situ et musique live.<br \/>\nLes artistes invitent les spectateurs \u00e0 une exp\u00e9rience de transfiguration de l&rsquo;espace public par la fabrication d&rsquo;une surface de carton qui devient aire de danse, sc\u00e8ne de repr\u00e9sentation et d\u2019improvisation.<br \/>\nLes habitants d\u00e9couvrent alors leur environnement sous de nouvelles perspectives et se r\u00e9approprient une libert\u00e9 de mouvement\u2026<br \/>\nLe spectacle se d\u00e9roule en 3 temps, un temps de construction live et partition chor\u00e9graphique suivie d&rsquo;un bal interactif guid\u00e9 incluant le public. La partition est flexible selon l&rsquo;\u00e9quipe artistique sollicit\u00e9e.<br \/>\nPlus qu\u2019un simple lieu de repr\u00e9sentation, ce Parquet Nomade d\u00e9limite un espace d\u2019\u00e9changes entre artistes professionnels et acteurs de la vie quotidienne (passants, fl\u00e2neurs, po\u00e8tes urbains, danseurs ou musiciens en panne d\u2019espace libre).<br \/>\nUn espace hors des cadres sociaux culturels habituels qui questionne la possibilit\u00e9 de libre expression des corps dans la soci\u00e9t\u00e9 actuelle au sein de la cit\u00e9 ainsi que la gratuit\u00e9 de l\u2019acte artistique et le lien social.<\/p>\n<p><strong>R\u00e9sidences de cr\u00e9ation pr\u00e9vues d&rsquo;ao\u00fbt 2016 \u00e0 juin 2017.<\/strong><\/p>\n<blockquote><p>Un sous-bois urbain qui se d\u00e9ploie \u00e0 travers la ville, les rues et les d\u00e9cors comme une goutte d\u2019huile qui absorbe et transforme l\u2019espace au fur et \u00e0 mesure que le temps avance. Et puis les gens qui se r\u00e9unissent sur ce parquet urbain les pieds d\u00e9chauss\u00e9s comme ils se r\u00e9unissent dans l\u2019intimit\u00e9 de leurs maisons. A. Franceschelli<\/p><\/blockquote>\n<p>&nbsp;<\/p>\n<p><iframe loading=\"lazy\" src=\"https:\/\/player.vimeo.com\/video\/81211842\" width=\"650\" height=\"365\" frameborder=\"0\" allowfullscreen=\"allowfullscreen\"><\/iframe><\/p>\n<p><a href=\"https:\/\/vimeo.com\/81211842\">Parquet NOmade.<\/a> from <a href=\"https:\/\/vimeo.com\/user3897159\">Marion Michel<\/a> on <a href=\"https:\/\/vimeo.com\">Vimeo<\/a>.<\/p>\n<hr \/>\n<p>&nbsp;<\/p>\n<p><iframe loading=\"lazy\" src=\"https:\/\/player.vimeo.com\/video\/184342421\" width=\"650\" height=\"365\" frameborder=\"0\" allowfullscreen=\"allowfullscreen\"><\/iframe><\/p>\n<p><a href=\"https:\/\/vimeo.com\/184342421\">Interview with Parquet Nomade choreographer Marion Michel at DanceKiosk-Hamburg _ 48 Hours Nomads<\/a> from <a href=\"https:\/\/vimeo.com\/user18500313\">Angela Guerreiro<\/a> on <a href=\"https:\/\/vimeo.com\">Vimeo<\/a>.<\/p>\n<hr \/>\n<p>&nbsp;<\/p>\n<p><img loading=\"lazy\" decoding=\"async\" class=\"wp-image-117 alignnone\" src=\"http:\/\/parquetnomade.com\/wp-content\/uploads\/2016\/03\/parquet-nomade-magma.jpg\" alt=\"\u00a9 Parquet Nomade\" width=\"650\" height=\"650\" srcset=\"https:\/\/parquetnomade.com\/wp-content\/uploads\/2016\/03\/parquet-nomade-magma.jpg 800w, https:\/\/parquetnomade.com\/wp-content\/uploads\/2016\/03\/parquet-nomade-magma-150x150.jpg 150w, https:\/\/parquetnomade.com\/wp-content\/uploads\/2016\/03\/parquet-nomade-magma-300x300.jpg 300w, https:\/\/parquetnomade.com\/wp-content\/uploads\/2016\/03\/parquet-nomade-magma-768x768.jpg 768w, https:\/\/parquetnomade.com\/wp-content\/uploads\/2016\/03\/parquet-nomade-magma-66x66.jpg 66w\" sizes=\"auto, (max-width: 650px) 100vw, 650px\" \/><\/p>\n<h2>LE PARQUET NOMADE (Wandering Floors)<\/h2>\n<p>combines performance, set design installation (Land Art), site-specific dance and live music.<br \/>\nThe artists invite the audience to experience the transfiguration of a public space as they build in real time a cardboard surface. This surface becomes a dance floor, a stage for performance and improvisation.\u00a0 People inhabiting this project learn about their environment from a new perspectives and are reclaiming personal.<br \/>\nThe show is in three parts, one building phase in live, a chor\u00e9graphique performance et an ball open stage. the chor\u00e9graphique score is flexible.<\/p>\n<p><strong>Out of the box &amp; Open stage<\/strong><br \/>\nNot a mere performance, our project includes the audience and opens unusual windows into our cultural and social habits.<br \/>\nWe also witnessed how much it enhances people\u2019s willingness to explore a joyful and freer body expression.<br \/>\nThe urban context is the set for the contemporary society at large where the artistic act becomes the social bond.<\/p>\n<p>This project has an in-built potential to travel to any country or continent meeting local artists that may join in, and various types of audience of any age and from any background.<\/p>\n<p>Photos Konstantin Lunarine<\/p>\n<p><iframe loading=\"lazy\" src=\"https:\/\/player.vimeo.com\/video\/81427247\" width=\"500\" height=\"375\" frameborder=\"0\" allowfullscreen=\"allowfullscreen\"><\/iframe><\/p>\n<p><a href=\"https:\/\/vimeo.com\/81427247\">Parquet nomade. Performance participative extrait 2 Jam. festivaligre 2012<\/a> from <a href=\"https:\/\/vimeo.com\/user3897159\">Marion Michel<\/a> on <a href=\"https:\/\/vimeo.com\">Vimeo<\/a>.<\/p>\n","protected":false},"excerpt":{"rendered":"<p>LE PARQUET NOMADE Le Parquet Nomade allie performance, installation sc\u00e9nographique (Land Art), danse in situ et musique live. Les artistes&#8230;<\/p>\n","protected":false},"author":2,"featured_media":0,"parent":0,"menu_order":0,"comment_status":"closed","ping_status":"closed","template":"","meta":{"footnotes":""},"class_list":["post-35","page","type-page","status-publish","hentry"],"_links":{"self":[{"href":"https:\/\/parquetnomade.com\/index.php\/wp-json\/wp\/v2\/pages\/35","targetHints":{"allow":["GET"]}}],"collection":[{"href":"https:\/\/parquetnomade.com\/index.php\/wp-json\/wp\/v2\/pages"}],"about":[{"href":"https:\/\/parquetnomade.com\/index.php\/wp-json\/wp\/v2\/types\/page"}],"author":[{"embeddable":true,"href":"https:\/\/parquetnomade.com\/index.php\/wp-json\/wp\/v2\/users\/2"}],"replies":[{"embeddable":true,"href":"https:\/\/parquetnomade.com\/index.php\/wp-json\/wp\/v2\/comments?post=35"}],"version-history":[{"count":42,"href":"https:\/\/parquetnomade.com\/index.php\/wp-json\/wp\/v2\/pages\/35\/revisions"}],"predecessor-version":[{"id":771,"href":"https:\/\/parquetnomade.com\/index.php\/wp-json\/wp\/v2\/pages\/35\/revisions\/771"}],"wp:attachment":[{"href":"https:\/\/parquetnomade.com\/index.php\/wp-json\/wp\/v2\/media?parent=35"}],"curies":[{"name":"wp","href":"https:\/\/api.w.org\/{rel}","templated":true}]}}