{"id":1621,"date":"2024-07-25T09:21:14","date_gmt":"2024-07-25T08:21:14","guid":{"rendered":"http:\/\/parquetnomade.com\/?page_id=1621"},"modified":"2025-07-25T15:35:29","modified_gmt":"2025-07-25T14:35:29","slug":"je-suis-cette-nature-qui-menvironne","status":"publish","type":"page","link":"https:\/\/parquetnomade.com\/index.php\/je-suis-cette-nature-qui-menvironne\/","title":{"rendered":"Je suis cette nature qui m&rsquo;environne"},"content":{"rendered":"<p>[vc_row css_animation=\u00a0\u00bb\u00a0\u00bb row_type=\u00a0\u00bbrow\u00a0\u00bb use_row_as_full_screen_section=\u00a0\u00bbno\u00a0\u00bb type=\u00a0\u00bbfull_width\u00a0\u00bb angled_section=\u00a0\u00bbno\u00a0\u00bb text_align=\u00a0\u00bbleft\u00a0\u00bb background_image_as_pattern=\u00a0\u00bbwithout_pattern\u00a0\u00bb][vc_column][vc_column_text]<\/p>\n<audio class=\"wp-audio-shortcode\" id=\"audio-1621-1\" preload=\"none\" style=\"width: 100%;\" controls=\"controls\"><source type=\"audio\/mpeg\" src=\"http:\/\/parquetnomade.com\/wp-content\/uploads\/2025\/03\/Chant-M-et-C.mp3?_=1\" \/><a href=\"http:\/\/parquetnomade.com\/wp-content\/uploads\/2025\/03\/Chant-M-et-C.mp3\">http:\/\/parquetnomade.com\/wp-content\/uploads\/2025\/03\/Chant-M-et-C.mp3<\/a><\/audio>\n<p>[\/vc_column_text][\/vc_column][\/vc_row][vc_row css_animation=\u00a0\u00bb\u00a0\u00bb row_type=\u00a0\u00bbrow\u00a0\u00bb use_row_as_full_screen_section=\u00a0\u00bbno\u00a0\u00bb type=\u00a0\u00bbfull_width\u00a0\u00bb angled_section=\u00a0\u00bbno\u00a0\u00bb text_align=\u00a0\u00bbleft\u00a0\u00bb background_image_as_pattern=\u00a0\u00bbwithout_pattern\u00a0\u00bb background_color=\u00a0\u00bbrgba(244,244,244,0.84)\u00a0\u00bb][vc_column][vc_empty_space height=\u00a0\u00bb26px\u00a0\u00bb][vc_single_image image=\u00a0\u00bb1864&Prime; img_size=\u00a0\u00bbfull\u00a0\u00bb qode_css_animation=\u00a0\u00bb\u00a0\u00bb][vc_column_text]<\/p>\n<audio class=\"wp-audio-shortcode\" id=\"audio-1621-2\" preload=\"none\" style=\"width: 100%;\" controls=\"controls\"><source type=\"audio\/mpeg\" src=\"http:\/\/parquetnomade.com\/wp-content\/uploads\/2025\/03\/ITW-pour-bain.mp3?_=2\" \/><a href=\"http:\/\/parquetnomade.com\/wp-content\/uploads\/2025\/03\/ITW-pour-bain.mp3\">http:\/\/parquetnomade.com\/wp-content\/uploads\/2025\/03\/ITW-pour-bain.mp3<\/a><\/audio>\n<p>[\/vc_column_text][vc_row_inner row_type=\u00a0\u00bbrow\u00a0\u00bb type=\u00a0\u00bbfull_width\u00a0\u00bb text_align=\u00a0\u00bbleft\u00a0\u00bb css_animation=\u00a0\u00bb\u00a0\u00bb][vc_column_inner width=\u00a0\u00bb1\/2&Prime;][vc_empty_space][vc_single_image image=\u00a0\u00bb1905&Prime; img_size=\u00a0\u00bbfull\u00a0\u00bb qode_css_animation=\u00a0\u00bb\u00a0\u00bb][vc_empty_space][vc_gallery interval=\u00a0\u00bb3&Prime; images=\u00a0\u00bb1780,1794,1795&Prime; img_size=\u00a0\u00bbfull\u00a0\u00bb][vc_empty_space][vc_gallery interval=\u00a0\u00bb3&Prime; images=\u00a0\u00bb1783,1782,1777&Prime; img_size=\u00a0\u00bbfull\u00a0\u00bb][vc_empty_space][vc_gallery interval=\u00a0\u00bb3&Prime; images=\u00a0\u00bb1788,1778,1789,1781&Prime; img_size=\u00a0\u00bbfull\u00a0\u00bb][vc_empty_space][vc_gallery interval=\u00a0\u00bb3&Prime; images=\u00a0\u00bb1829,1830,1828,1814,1813,1811,1810,1809,1808,1796,1799,1784,1779,1815,1822,1823&Prime; img_size=\u00a0\u00bbfull\u00a0\u00bb][vc_empty_space][vc_gallery interval=\u00a0\u00bb3&Prime; images=\u00a0\u00bb1846,1843,1844,1839,1852,1851&Prime; img_size=\u00a0\u00bbfull\u00a0\u00bb][vc_empty_space][vc_single_image image=\u00a0\u00bb1786&Prime; img_size=\u00a0\u00bbfull\u00a0\u00bb alignment=\u00a0\u00bbcenter\u00a0\u00bb qode_css_animation=\u00a0\u00bb\u00a0\u00bb qode_hover_animation=\u00a0\u00bbzoom_in\u00a0\u00bb][vc_empty_space][\/vc_column_inner][vc_column_inner width=\u00a0\u00bb1\/2&Prime;][vc_empty_space height=\u00a0\u00bb100px\u00a0\u00bb][vc_column_text]<span class='q_dropcap normal' style=' color: #d22b0a;font-size: 80px;'><strong>C<\/strong><\/span><\/p>\n<p>ette proposition artistique concerne tous les milieux sensibles avec une attention particuli\u00e8re port\u00e9e \u00e0 la question de l\u2019eau. Elle contient un volet d\u2019\u00e9criture in situ pouvant \u00eatre r\u00e9pliqu\u00e9 dans diff\u00e9rents lieux ainsi qu\u2019un volet adapt\u00e9 uniquement au territoire concern\u00e9.<br \/>\nNous souhaitons m\u00ealer les approches po\u00e9tiques, artistiques et scientifiques pour amener les publics \u00e0 plonger dans des propositions participatives de sensibilisation \u00e0 la nature par la cr\u00e9ation.<br \/>\n<strong>Nous postulons que la nature n\u2019est pas ce qui nous environne, nous la contenons et en faisons partie int\u00e9gralement<\/strong> ; elle ne peut donc \u00eatre dissoci\u00e9e de la culture.<br \/>\nL\u2019expression privil\u00e9gi\u00e9e par la compagnie est <strong>l\u2019art chor\u00e9graphique<\/strong> soutenue par <strong>une d\u00e9marche pluridisciplinaire<\/strong> destin\u00e9e \u00e0 <strong>faire se croiser les arts<\/strong> et les approches naturalistes, <strong>Land art et la cr\u00e9ation sonore et musicale<\/strong>.<br \/>\nCe volet \u201cJe suis cette nature qui m\u2019environne \u201d, \u00e0 <strong>g\u00e9om\u00e9trie variable<\/strong>, est port\u00e9 par la compagnie du Parquet Nomade et inspir\u00e9 de plusieurs ann\u00e9es de cr\u00e9ations in situ et de m\u00e9diation culturelle sur des projets de territoire.<br \/>\nIl s\u2019appuie sur les diverses approches et \u00e9tats de connaissances concernant les multiples possibilit\u00e9s d&rsquo;immersion et la richesse des publics rencontr\u00e9s.<\/p>\n<p>Notre objectif est ainsi d\u2019amener les publics \u00e0 appr\u00e9hender par l\u2019immersion sensible les liens qui unissent l\u2019ensemble du vivant et \u00e0 \u00e9veiller chez celui-ci une plus grande attention vers le respect de la nature et la conscience d\u2019une \u201c\u00e9cologie de soi \u201d.<\/p>\n<p>Cela pourra se r\u00e9aliser \u00e0 partir de r\u00e9sidences de cr\u00e9ations et de spectacles participatifs, sur fond de conf\u00e9rences foresti\u00e8res, de balades chor\u00e9graphiques, g\u00e9ologiques ou botaniques\u2026<\/p>\n<p>La cr\u00e9ation des balades chor\u00e9graphiques s\u2019organise autour de 3 axes : un temps de rep\u00e9rage par l\u2019\u00e9quipe artistique, un temps d\u2019\u00e9criture et un temps de r\u00e9p\u00e9tition in situ .<\/p>\n<p>Cette \u00abimmersion\u00bb dans le milieu naturel permet de mettre en place une partition sous forme de <b>cartographie dessin\u00e9e <\/b>; cartographie qui illustre un parcours \u00e9volutif sem\u00e9 d\u2019\u00e9tapes d\u00e9di\u00e9es \u00e0 des temps sp\u00e9cifiques : pi\u00e8ce dans\u00e9e et ou sonore,\u00a0 temps de partage avec le public (marche silencieuse, \u00e9coute les yeux ferm\u00e9s, micro m\u00e9ditation olfactive, attention \u00e0 l\u2019espace sonore, pratique du \u00abgeste prolongateur\u00bb etc&#8230;).<\/p>\n<p>Ce parcours se dessine par le dialogue entre explorateurs-danseurs et milieu, Il pourra aussi comporter des zones d\u00e9di\u00e9es \u00e0 des installations \u00e9ph\u00e9m\u00e8res pos\u00e9es pour la dur\u00e9e de l\u2019\u00e9v\u00e9nement ou plus p\u00e9rennes (installations land art )<\/p>\n<p>Ces balades deviennent un art vivant, une \u0153uvre \u00e9ph\u00e9m\u00e8re qui va modifier temporairement le milieu dans lequel elle s\u2019inscrit et par laquelle l\u2019\u00e9criture se laisse contaminer.<\/p>\n<p>Des ateliers ou stages de cr\u00e9ations-transmissions pour danseurs amateurs peuvent \u00eatre propos\u00e9s selon un planning, dans une p\u00e9riode pr\u00e9c\u00e9dant le spectacle. Ces publics int\u00e8grent alors l\u2019\u00e9criture pour venir soutenir la composition (ch\u0153ur chor\u00e9graphique) ou pour \u00eatre des \u00abanges-acteurs\u00bb, fonction s\u2019assurant du bon d\u00e9roul\u00e9 de la balade.<\/p>\n<p>Ces ateliers se d\u00e9clinent dans une dimension pluridisciplinaire (danse, musique, dessin, land-art). Nous garderons trace de ce processus afin d\u2019\u00e9laborer un docu-fiction permettant un t\u00e9moignage plus p\u00e9renne de cet \u00e9v\u00e9nement \u00e9ph\u00e9m\u00e8re (les participants seront cr\u00e9ateurs de leur propre collectage).<\/p>\n<p><strong>\u201cLe mouvement des danseurs vient modifier le paysage et en r\u00e9v\u00e9ler les lignes, les couleurs, les contours, les rythmes etc., Nous voulons bouleverser les perceptions du public pour le sensibiliser d\u2019avantage \u00e0 la fragilit\u00e9 de l\u2019\u00e9cosyst\u00e8me,\u00a0 le rendre plus perm\u00e9able \u00e0 la notion d\u2019anthropisme, le faire \u201cbasculer\u201d du c\u00f4t\u00e9 de la nature en lui proposant des focus sensoriels lors de balades immersives, spectaculaires, pluridisciplinaires o\u00f9 les arts et la sciences cr\u00e9ent des passerelles po\u00e9tiques des croisements afin de mieux envisager les enjeux de notre \u00e9poque troubl\u00e9e par les grands bouleversements \u00e9cologiques et soci\u00e9taux qu\u2019elle traverse.<\/strong><\/p>\n<p>&nbsp;<\/p>\n<h3>L\u2019entr\u00e9e en contact :<\/h3>\n<p>Nous faisons territoire en m\u00eame temps que celui-ci nous fait.<\/p>\n<p>Cette id\u00e9e exprime la notion de temps n\u00e9cessaire pour comprendre, sentir les qualit\u00e9s d\u2019un territoire, c\u2019est cet apprivoisement que nous souhaitons partager avec les publics !<\/p>\n<p>Il est question d\u2019inviter les corps et les esprits \u00e0 sortir de leurs orni\u00e8res et des sentiers tout trac\u00e9s de leurs habitudes comportementales comme par exemple le chemin touristique emprunt\u00e9 machinalement.<\/p>\n<p><b>\u00a0<\/b><\/p>\n<p>Arriver dans l\u2019espace prot\u00e9g\u00e9 et protecteur, prendre la mesure de la rupture avec le mod\u00e8le d\u2019activit\u00e9 du quotidien.<\/p>\n<p>Arriver dans l\u2019espace comme dans une retraite, observer comme le tonus change, comme on abandonne son poids \u00e0 la terre, comme nous nous changeons nous-m\u00eame en contact avec les lieux.<\/p>\n<p>Apprivoiser cet espace, \u00e9couter&#8230;<\/p>\n<p>Il s\u2019agira de laisser infuser le milieu sur notre corporalit\u00e9. Appr\u00e9hender les reliefs, les sols, les arbres, les rochers. Adapter nos mouvements (marche lente, marche les yeux ferm\u00e9s, danse avec t\u00e9moins&#8230; etc.)<\/p>\n<p><b>\u00a0<\/b><\/p>\n<h3>L\u2019immersion dans le \u00abmilieu\u00bb :<\/h3>\n<p>Nous rendons possible une traduction du milieu par des temps<\/p>\n<p>de r\u00e9sidence de cr\u00e9ation et des rep\u00e9rages en amont. Ensuite nous \u00e9crivons pour le public qui vivra une version concentr\u00e9e de cette exp\u00e9rience.<\/p>\n<p>Ces explorations nous permettent de r\u00e9v\u00e9ler l\u2019esprit des lieux par<\/p>\n<p>l\u2019apprivoisement du milieu mais aussi de l\u2019histoire (acc\u00e8s aux archives locales) et des rencontres avec les habitants et leurs t\u00e9moignages &#8230;<\/p>\n<p><b>\u00a0<\/b><\/p>\n<h3>Les R\u00e9ponses :<\/h3>\n<p>De ces plong\u00e9es dans notre \u201c\u00e9cosyst\u00e8me-perceptif \u201cque le geste active, nous partagerons les ressentis afin de nourrir la cr\u00e9ation par ces r\u00e9coltes et les inspirations qui s\u2019en d\u00e9gagent.<\/p>\n<p>Kinesth\u00e9sie, images et \u00e9motions se g\u00e9n\u00e8rent et s\u2019influencent mutuellement.<\/p>\n<p>Ces r\u00e9ponses perceptives \u00e0 l\u2019immersion dans le milieu donnent corps \u00e0 l\u2019\u00e9criture.<\/p>\n<p><b>Les r\u00e8gnes, les \u00e9l\u00e9ments et l\u2019espace sont\u00a0 interd\u00e9pendants.<\/b><\/p>\n<p>Tel le ruban de Moebius, ce qui est dedans passe dehors, tout est dans tout, le contenu devient le contenant ; l\u2019air que je respire est le m\u00eame que celui que le renard a respir\u00e9, le m\u00eame qui oxyg\u00e8ne l\u2019eau de la rivi\u00e8re o\u00f9 s\u2019abreuve et vit une faune sauvage\u2026<\/p>\n<p>C\u2019est ce lien entre l\u2019humain et la nature que nous souhaitons rendre visible.<\/p>\n<p><b>\u00a0<\/b><\/p>\n<p>L\u2019humain contient les qualit\u00e9s des diff\u00e9rents r\u00e8gnes, leurs rythmes et sp\u00e9cificit\u00e9s de d\u00e9veloppement (\u201cla lenteur et l\u2019int\u00e9riorit\u00e9\u201d pour le min\u00e9ral, \u201cla croissance \u00e0 l\u2019ext\u00e9rieur\u201d pour le v\u00e9g\u00e9tal, la circulation et le mouvement pour l\u2019animal) . Les diff\u00e9rentes \u00e9tapes du d\u00e9veloppement humain incluent ces m\u00e9tamorphoses\u2026<\/p>\n<p>En plongeant dans l\u2019exploration consciente de nos <b>sens et\u00a0 perceptions<\/b> (\u00e9coute, vue, odorat, proprioception, toucher\u2026), nous pouvons r\u00e9apprendre \u00e0 faire corps avec la nature.<\/p>\n<p><b>\u00a0<\/b><\/p>\n<p>Sentir l\u2019espace du dehors peut changer notre perception du dedans, ainsi notre conscience du monde entre macro et microcosme s\u2019enrichit et s\u2019\u00e9veille \u00e0 plus de conscience et d\u2019\u00e9cologie de soi.<\/p>\n<p><b>\u00a0<\/b><\/p>\n<p>Ces th\u00e9matiques sont pr\u00e9sentes dans les <b>r\u00e9cits fondateurs<\/b> des cultures sur tous les continents au travers des principes fondamentaux et des personnages arch\u00e9typaux et imaginaires; les muses, les dieux, les esprits de la nature et des \u00e9l\u00e9ments, les directions cardinales, le haut et le bas (\u201cgrand-p\u00e8re ciel\u201d et\u00a0 \u201cterre-m\u00e8re\u201d des am\u00e9rindiens) etc. Tout cela nous invite \u00e0 ressentir l\u2019humain au centre d\u2019une g\u00e9om\u00e9trie sacr\u00e9e, partie d\u2019un tout. (cf \u201cthe human figure \u201c de L\u00e9onard de vinci)<b>\u00a0<\/b><\/p>\n<p><b>\u00a0<\/b><\/p>\n<p>Enfin nous aimerions porter une attention particuli\u00e8re \u00e0 un \u00e9l\u00e9ment, qui nous constitue \u00e0 70%, partag\u00e9 par tous les r\u00e8gnes, indispensable, porteuse de naissances, de nourriture, et d\u2019\u00e9nergie\u2026Insaisissable et pourtant offerte, sous des formes multiples et pourtant une, \u2026 <b>l\u2019eau !<\/b><\/p>\n<p><b>\u00a0<\/b><\/p>\n<h3>Prise de conscience :<\/h3>\n<p><b>\u00ab Avec mes chaussures dans l\u2019eau et ta cr\u00e8me solaire, je marche dans l\u2019\u00e9cuelle de tous les animaux, l\u00e0 o\u00f9 viennent laper la pierre les alevins, les batraciens, les porte-pierres, les micro-organismes qui participent\u00a0<\/b><b>\u00e0 l\u2019\u00e9cosyst\u00e8me de l\u2019eau, etc.\u00bb<\/b>[\/vc_column_text][vc_empty_space][vc_column_text]<\/p>\n<h3>Partenaires :<\/h3>\n<p>Production Mairie de Mollans sur Ouv\u00e8ze. compagnie du Parquet Nomade &#8211;<\/p>\n<p>partenaires : Parcs du Ventoux et Parc des Barronies Proven\u00e7ales<\/p>\n<p>&nbsp;<\/p>\n<h3>Prochaines dates :<\/h3>\n<p>\u00e9t\u00e9 2025 (du 7 au 10 Ao\u00fbt \u00e0 9h30)\u00a0 r\u00e9servation par t\u00e9l\u00e9phone \u00e0 l&rsquo;office du tourisme 04 75 26 75 83<\/p>\n<p>Ateliers danses en ext\u00e9rieur ( 6,7,8 Aout de 17h \u00e0 19h)<\/p>\n<p>du 7 au 10 A\u00f4ut, de 18h \u00e0 19h ( corps et voix, et land art<\/p>\n<p>23 et 30 Juillet 2024 et 6 et 13 Ao\u00fbt:[\/vc_column_text][vc_empty_space height=\u00a0\u00bb32 px\u00a0\u00bb]<a  itemprop=\"url\" href=\"http:\/\/parquetnomade.com\/wp-content\/uploads\/2025\/03\/ITW-pour-bain.mp3\" target=\"_blank\"  class=\"qbutton  default\" style=\"\">\u00e9couter ``l'interview bain``<\/a>[vc_empty_space height=\u00a0\u00bb32 px\u00a0\u00bb][vc_gallery interval=\u00a0\u00bb3&Prime; images=\u00a0\u00bb1800,1798,1797,1805,1801,1802,1804,1825,1826,1819,1803&Prime; img_size=\u00a0\u00bbfull\u00a0\u00bb][vc_empty_space][vc_gallery interval=\u00a0\u00bb3&Prime; images=\u00a0\u00bb1848,1849,1850,1831,1832,1838&Prime; img_size=\u00a0\u00bbfull\u00a0\u00bb][\/vc_column_inner][\/vc_row_inner][\/vc_column][vc_column][\/vc_column][\/vc_row][vc_row css_animation=\u00a0\u00bb\u00a0\u00bb row_type=\u00a0\u00bbrow\u00a0\u00bb use_row_as_full_screen_section=\u00a0\u00bbno\u00a0\u00bb type=\u00a0\u00bbfull_width\u00a0\u00bb angled_section=\u00a0\u00bbno\u00a0\u00bb text_align=\u00a0\u00bbleft\u00a0\u00bb background_image_as_pattern=\u00a0\u00bbwithout_pattern\u00a0\u00bb][vc_column][vc_empty_space height=\u00a0\u00bb60px\u00a0\u00bb][\/vc_column][\/vc_row][vc_row css_animation=\u00a0\u00bb\u00a0\u00bb row_type=\u00a0\u00bbrow\u00a0\u00bb use_row_as_full_screen_section=\u00a0\u00bbno\u00a0\u00bb type=\u00a0\u00bbfull_width\u00a0\u00bb angled_section=\u00a0\u00bbno\u00a0\u00bb text_align=\u00a0\u00bbleft\u00a0\u00bb background_image_as_pattern=\u00a0\u00bbwithout_pattern\u00a0\u00bb][vc_column][\/vc_column][\/vc_row]<\/p>\n","protected":false},"excerpt":{"rendered":"<p>[vc_row css_animation=\u00a0\u00bb\u00a0\u00bb row_type=\u00a0\u00bbrow\u00a0\u00bb use_row_as_full_screen_section=\u00a0\u00bbno\u00a0\u00bb type=\u00a0\u00bbfull_width\u00a0\u00bb angled_section=\u00a0\u00bbno\u00a0\u00bb text_align=\u00a0\u00bbleft\u00a0\u00bb background_image_as_pattern=\u00a0\u00bbwithout_pattern\u00a0\u00bb][vc_column][vc_column_text] [\/vc_column_text][\/vc_column][\/vc_row][vc_row css_animation=\u00a0\u00bb\u00a0\u00bb row_type=\u00a0\u00bbrow\u00a0\u00bb use_row_as_full_screen_section=\u00a0\u00bbno\u00a0\u00bb type=\u00a0\u00bbfull_width\u00a0\u00bb angled_section=\u00a0\u00bbno\u00a0\u00bb text_align=\u00a0\u00bbleft\u00a0\u00bb background_image_as_pattern=\u00a0\u00bbwithout_pattern\u00a0\u00bb background_color=\u00a0\u00bbrgba(244,244,244,0.84)\u00a0\u00bb][vc_column][vc_empty_space height=\u00a0\u00bb26px\u00a0\u00bb][vc_single_image image=\u00a0\u00bb1864&Prime; img_size=\u00a0\u00bbfull\u00a0\u00bb&#8230;<\/p>\n","protected":false},"author":1,"featured_media":1632,"parent":0,"menu_order":0,"comment_status":"closed","ping_status":"closed","template":"","meta":{"footnotes":""},"class_list":["post-1621","page","type-page","status-publish","has-post-thumbnail","hentry"],"_links":{"self":[{"href":"https:\/\/parquetnomade.com\/index.php\/wp-json\/wp\/v2\/pages\/1621","targetHints":{"allow":["GET"]}}],"collection":[{"href":"https:\/\/parquetnomade.com\/index.php\/wp-json\/wp\/v2\/pages"}],"about":[{"href":"https:\/\/parquetnomade.com\/index.php\/wp-json\/wp\/v2\/types\/page"}],"author":[{"embeddable":true,"href":"https:\/\/parquetnomade.com\/index.php\/wp-json\/wp\/v2\/users\/1"}],"replies":[{"embeddable":true,"href":"https:\/\/parquetnomade.com\/index.php\/wp-json\/wp\/v2\/comments?post=1621"}],"version-history":[{"count":35,"href":"https:\/\/parquetnomade.com\/index.php\/wp-json\/wp\/v2\/pages\/1621\/revisions"}],"predecessor-version":[{"id":1932,"href":"https:\/\/parquetnomade.com\/index.php\/wp-json\/wp\/v2\/pages\/1621\/revisions\/1932"}],"wp:featuredmedia":[{"embeddable":true,"href":"https:\/\/parquetnomade.com\/index.php\/wp-json\/wp\/v2\/media\/1632"}],"wp:attachment":[{"href":"https:\/\/parquetnomade.com\/index.php\/wp-json\/wp\/v2\/media?parent=1621"}],"curies":[{"name":"wp","href":"https:\/\/api.w.org\/{rel}","templated":true}]}}